{"id":1816,"date":"2020-10-05T12:19:18","date_gmt":"2020-10-05T10:19:18","guid":{"rendered":"https:\/\/utulek.ostrava.cz\/?page_id=1816"},"modified":"2020-10-05T12:19:19","modified_gmt":"2020-10-05T10:19:19","slug":"prohlaseni-o-pristupnosti","status":"publish","type":"page","link":"https:\/\/utulek.ostrava.cz\/index.php\/prohlaseni-o-pristupnosti\/","title":{"rendered":"Prohl\u00e1\u0161en\u00ed o p\u0159\u00edstupnosti"},"content":{"rendered":"<p>Statut\u00e1rn\u00ed m\u011bsto Ostrava se zavazuje k zp\u0159\u00edstupn\u011bn\u00ed sv\u00e9 webov\u00e9 str\u00e1nky v souladu se z\u00e1konem \u010d. 99\/2019 Sb., o p\u0159\u00edstupnosti internetov\u00fdch str\u00e1nek a mobiln\u00edch aplikac\u00ed a o zm\u011bn\u011b z\u00e1kona \u010d. 365\/2000 Sb., o informa\u010dn\u00edch syst\u00e9mech ve\u0159ejn\u00e9 spr\u00e1vy a o zm\u011bn\u011b n\u011bkter\u00fdch dal\u0161\u00edch z\u00e1kon\u016f, ve zn\u011bn\u00ed pozd\u011bj\u0161\u00edch p\u0159edpis\u016f, kter\u00fd prov\u00e1d\u00ed Sm\u011brnici Evropsk\u00e9ho parlamentu a Rady (EU) 2016\/2102 ze dne 26. \u0159\u00edjna 2016 o p\u0159\u00edstupnosti webov\u00fdch str\u00e1nek a mobiln\u00edch aplikac\u00ed.<\/p>\n<p><strong>Stav souladu<\/strong><\/p>\n<p>Tato webov\u00e1 str\u00e1nka je v souladu s EN 301 549 V2 1.2 a standardem WCAG 2.1.<\/p>\n<p><strong>Dal\u0161\u00ed form\u00e1ty<\/strong><\/p>\n<p>Na internetov\u00fdch str\u00e1nk\u00e1ch jsou informace nab\u00edzeny i v podob\u011b dokument\u016f form\u00e1tu DOC, DOCX, XLS, XLSX a PDF, a to zejm\u00e9na z d\u016fvod\u016f, \u017ee obsahuj\u00ed typografick\u00e9 prvky a form\u00e1tov\u00e1n\u00ed, kter\u00e9 webov\u00fd form\u00e1t HTML nepodporuje, nebo jsou p\u0159\u00edli\u0161 velk\u00e9, proto pak doporu\u010dujeme jejich sta\u017een\u00ed. Form\u00e1ty DOC a PDF jsou tak\u00e9 vhodn\u011bj\u0161\u00ed pro tisk. K prohl\u00ed\u017een\u00ed t\u011bchto dokument\u016f je mo\u017en\u00e9 zdarma st\u00e1hnout Word Viewer a Acrobat Reader. V n\u011bkter\u00fdch webov\u00fdch prohl\u00ed\u017ee\u010d\u00edch je integrov\u00e1na aplikace, je\u017e slou\u017e\u00ed k prohl\u00ed\u017een\u00ed v\u00fd\u0161e uveden\u00fdch form\u00e1t\u016f dokument\u016f.<\/p>\n<p><strong>Vypracov\u00e1n\u00ed tohoto prohl\u00e1\u0161en\u00ed o p\u0159\u00edstupnosti<\/strong><\/p>\n<ul>\n<li>Toto prohl\u00e1\u0161en\u00ed bylo aktualizov\u00e1no dne 20.9.2020<\/li>\n<li>Toto prohl\u00e1\u0161en\u00ed bylo vypracov\u00e1no dle metodick\u00e9ho pokynu MV\u010cR k tomuto z\u00e1konu.<\/li>\n<\/ul>\n<p><strong>Zp\u011btn\u00e1 vazba a kontaktn\u00ed \u00fadaje<\/strong><\/p>\n<p>Zp\u011btnou vazbu ohledn\u011b p\u0159\u00edstupnosti webov\u00fdch str\u00e1nek a informac\u00ed na nich uveden\u00fdch sm\u011brujte na n\u00ed\u017ee uveden\u00e9 kontakty.<\/p>\n<p><strong>Kontakt na spr\u00e1vce obsahu<\/strong><\/p>\n<p>Magistr\u00e1t m\u011bsta Ostravy<br \/>\nProke\u0161ovo n\u00e1m\u011bst\u00ed 1803\/8<br \/>\n702 00 Ostrava Moravsk\u00e1 Ostrava<\/p>\n<p>Tel.: 599 444&nbsp;444<\/p>\n<p>E-mail: <a href=\"mailto:info@ostrava.cz\">info@ostrava.cz<\/a><\/p>\n<p>Pro technick\u00e9 z\u00e1le\u017eitosti: <a href=\"mailto:webmaster@ostrava.cz\">webmaster@ostrava.cz<\/a><\/p>\n<p>&nbsp;<\/p>\n<p><strong>Postupy pro prosazov\u00e1n\u00ed pr\u00e1va<\/strong><\/p>\n<p>V p\u0159\u00edpad\u011b neuspokojiv\u00e9 odpov\u011bdi na ozn\u00e1men\u00ed nebo \u017e\u00e1dost zaslanou v souladu se sm\u011brnic\u00ed Evropsk\u00e9ho parlamentu a Rady (EU) 2016\/2102 kontaktujte:<\/p>\n<p><strong>Ministerstvo vnitra<\/strong><br \/>\nodbor eGovernmentu<br \/>\nn\u00e1m\u011bst\u00ed Hrdin\u016f 1634\/3<br \/>\n140 21 Praha 4<br \/>\n<a href=\"mailto:pristupnost@mvcr.cz\">pristupnost@mvcr.cz<\/a><\/p>\n","protected":false},"excerpt":{"rendered":"<p>Statut\u00e1rn\u00ed m\u011bsto Ostrava se zavazuje k zp\u0159\u00edstupn\u011bn\u00ed sv\u00e9 webov\u00e9 str\u00e1nky v souladu se z\u00e1konem \u010d. 99\/2019 Sb., o p\u0159\u00edstupnosti internetov\u00fdch str\u00e1nek a mobiln\u00edch aplikac\u00ed a [&hellip;]<\/p>\n","protected":false},"author":1,"featured_media":0,"parent":0,"menu_order":0,"comment_status":"closed","ping_status":"closed","template":"","meta":{"_acf_changed":false,"footnotes":""},"class_list":["post-1816","page","type-page","status-publish","hentry"],"acf":[],"_links":{"self":[{"href":"https:\/\/utulek.ostrava.cz\/index.php\/wp-json\/wp\/v2\/pages\/1816","targetHints":{"allow":["GET"]}}],"collection":[{"href":"https:\/\/utulek.ostrava.cz\/index.php\/wp-json\/wp\/v2\/pages"}],"about":[{"href":"https:\/\/utulek.ostrava.cz\/index.php\/wp-json\/wp\/v2\/types\/page"}],"author":[{"embeddable":true,"href":"https:\/\/utulek.ostrava.cz\/index.php\/wp-json\/wp\/v2\/users\/1"}],"replies":[{"embeddable":true,"href":"https:\/\/utulek.ostrava.cz\/index.php\/wp-json\/wp\/v2\/comments?post=1816"}],"version-history":[{"count":1,"href":"https:\/\/utulek.ostrava.cz\/index.php\/wp-json\/wp\/v2\/pages\/1816\/revisions"}],"predecessor-version":[{"id":1817,"href":"https:\/\/utulek.ostrava.cz\/index.php\/wp-json\/wp\/v2\/pages\/1816\/revisions\/1817"}],"wp:attachment":[{"href":"https:\/\/utulek.ostrava.cz\/index.php\/wp-json\/wp\/v2\/media?parent=1816"}],"curies":[{"name":"wp","href":"https:\/\/api.w.org\/{rel}","templated":true}]}}

Prohlášení o přístupnosti

<p>Statutární město Ostrava se zavazuje k zpřístupnění své webové stránky v souladu se zákonem č. 99/2019 Sb., o přístupnosti internetových stránek a mobilních aplikací a o změně zákona č. 365/2000 Sb., o informačních systémech veřejné správy a o změně některých dalších zákonů, ve znění pozdějších předpisů, který provádí Směrnici Evropského parlamentu a Rady (EU) 2016/2102 ze dne 26. října 2016 o přístupnosti webových stránek a mobilních aplikací.</p>
<p><strong>Stav souladu</strong></p>
<p>Tato webová stránka je v souladu s EN 301 549 V2 1.2 a standardem WCAG 2.1.</p>
<p><strong>Další formáty</strong></p>
<p>Na internetových stránkách jsou informace nabízeny i v podobě dokumentů formátu DOC, DOCX, XLS, XLSX a PDF, a to zejména z důvodů, že obsahují typografické prvky a formátování, které webový formát HTML nepodporuje, nebo jsou příliš velké, proto pak doporučujeme jejich stažení. Formáty DOC a PDF jsou také vhodnější pro tisk. K prohlížení těchto dokumentů je možné zdarma stáhnout Word Viewer a Acrobat Reader. V některých webových prohlížečích je integrována aplikace, jež slouží k prohlížení výše uvedených formátů dokumentů.</p>
<p><strong>Vypracování tohoto prohlášení o přístupnosti</strong></p>
<ul>
<li>Toto prohlášení bylo aktualizováno dne 20.9.2020</li>
<li>Toto prohlášení bylo vypracováno dle metodického pokynu MVČR k tomuto zákonu.</li>
</ul>
<p><strong>Zpětná vazba a kontaktní údaje</strong></p>
<p>Zpětnou vazbu ohledně přístupnosti webových stránek a informací na nich uvedených směrujte na níže uvedené kontakty.</p>
<p><strong>Kontakt na správce obsahu</strong></p>
<p>Magistrát města Ostravy<br />
Prokešovo náměstí 1803/8<br />
702 00 Ostrava Moravská Ostrava</p>
<p>Tel.: 599 444&nbsp;444</p>
<p>E-mail: <a href="mailto:info@ostrava.cz">info@ostrava.cz</a></p>
<p>Pro technické záležitosti: <a href="mailto:webmaster@ostrava.cz">webmaster@ostrava.cz</a></p>
<p>&nbsp;</p>
<p><strong>Postupy pro prosazování práva</strong></p>
<p>V případě neuspokojivé odpovědi na oznámení nebo žádost zaslanou v souladu se směrnicí Evropského parlamentu a Rady (EU) 2016/2102 kontaktujte:</p>
<p><strong>Ministerstvo vnitra</strong><br />
odbor eGovernmentu<br />
náměstí Hrdinů 1634/3<br />
140 21 Praha 4<br />
<a href="mailto:pristupnost@mvcr.cz">pristupnost@mvcr.cz</a></p>

<p>Statutární město Ostrava se zavazuje k zpřístupnění své webové stránky v souladu se zákonem č. 99/2019 Sb., o přístupnosti internetových stránek a mobilních aplikací a [&hellip;]</p>
