{"id":67,"date":"2020-02-17T13:54:55","date_gmt":"2020-02-17T12:54:55","guid":{"rendered":"https:\/\/utulek.ostrava.cz\/\/?page_id=67"},"modified":"2024-02-05T10:01:16","modified_gmt":"2024-02-05T09:01:16","slug":"dog-detail","status":"publish","type":"page","link":"https:\/\/utulek.ostrava.cz\/index.php\/dog-detail\/","title":{"rendered":"Detail psa"},"content":{"rendered":"\n<p><strong>Pro opatrovn\u00edky a nov\u00e9 majitele<\/strong> &#8211; ka\u017ed\u00fd, kdo si chce osvojit pejska z na\u0161eho \u00fatulku, mus\u00ed spl\u0148ovat z\u00e1kladn\u00ed podm\u00ednky: <\/p>\n\n\n\n<ul class=\"wp-block-list\">\n<li> m\u00edt trval\u00fd pobyt na \u00fazem\u00ed \u010cR, mimo trval\u00e9ho bydli\u0161t\u011b na \u00fa\u0159ad\u011b<\/li>\n\n\n\n<li> b\u00fdt star\u0161\u00ed 18 let<\/li>\n\n\n\n<li> uhradit poplatek ve v\u00fd\u0161i 200 K\u010d (v hotovosti)<\/li>\n\n\n\n<li> m\u00edt soci\u00e1ln\u00ed podm\u00ednky takov\u00e9, aby zajistil psovi alespo\u0148 z\u00e1kladn\u00ed standard. <\/li>\n<\/ul>\n\n\n\n<p> Je t\u0159eba se zamyslet, jak pejska z \u00fatulku budete p\u0159epravovat, a kter\u00e9 v\u011bci je vhodn\u00e9 vz\u00edt s sebou \u2013 obojek, vod\u00edtko, n\u00e1hubek, p\u0159epravn\u00ed box nebo ta\u0161ku. <\/p>\n\n\n\n<p> Pejsci p\u0159ijat\u00ed do na\u0161eho \u00fatulku se nach\u00e1zej\u00ed ve dvoum\u011bs\u00ed\u010dn\u00ed tzv. ochrann\u00e9 lh\u016ft\u011b. Po tuto dobu si m\u016f\u017eete p\u0159evz\u00edt psa pouze do opatrovnictv\u00ed. V praxi to znamen\u00e1, \u017ee pokud se v t\u00e9to lh\u016ft\u011b ozve p\u016fvodn\u00ed majitel, mus\u00ed mu b\u00fdt pejsek vr\u00e1cen. To se v\u0161ak st\u00e1v\u00e1 jen v ojedin\u011bl\u00fdch p\u0159\u00edpadech, proto\u017ee pokud m\u00e1 o psa majitel skute\u010dn\u011b z\u00e1jem, ozve se nejpozd\u011bji do t\u00fddne po jeho ztr\u00e1t\u011b. Jestli\u017ee by tento p\u0159\u00edpad ale skute\u010dn\u011b nastal, je povinnost\u00ed p\u016fvodn\u00edho majitele opatrovn\u00edkovi i \u00fatulku uhradit ve\u0161ker\u00e9 vznikl\u00e9 n\u00e1klady, kter\u00e9 byly spojeny s chovem a um\u00edst\u011bn\u00edm psa. <\/p>\n\n\n\n<p> K p\u0159ed\u00e1n\u00ed psa p\u016fvodn\u00edmu majiteli doch\u00e1z\u00ed pot\u00e9 p\u0159\u00edmo v \u00datulku v Ostrav\u011b-T\u0159ebovic\u00edch. Po uplynut\u00ed ochrann\u00e9 lh\u016fty, kter\u00e1 se zapo\u010d\u00edt\u00e1v\u00e1 od dne, kdy byl pes do \u00fatulku p\u0159ijat, se opatrovn\u00edk st\u00e1v\u00e1 pr\u00e1voplatn\u00fdm nov\u00fdm majitelem psa, se v\u0161emi povinnostmi vypl\u00fdvaj\u00edc\u00edmi s jeho dr\u017een\u00edm a chovem. <\/p>\n\n\n\n<p> <strong>Vybran\u00e9ho pejska nelze p\u0159edem rezervovat.<\/strong> V p\u0159\u00edpad\u011b, \u017ee se setk\u00e1 v\u00edce z\u00e1jemc\u016f o jednoho pejska, vybereme toho nejvhodn\u011bj\u0161\u00edho.<\/p>\n","protected":false},"excerpt":{"rendered":"<p>Pro opatrovn\u00edky a nov\u00e9 majitele &#8211; ka\u017ed\u00fd, kdo si chce osvojit pejska z na\u0161eho \u00fatulku, mus\u00ed spl\u0148ovat z\u00e1kladn\u00ed podm\u00ednky: Je t\u0159eba se zamyslet, jak pejska [&hellip;]<\/p>\n","protected":false},"author":2,"featured_media":0,"parent":0,"menu_order":0,"comment_status":"closed","ping_status":"closed","template":"page-dog-detail.php","meta":{"_acf_changed":false,"footnotes":""},"class_list":["post-67","page","type-page","status-publish","hentry"],"acf":[],"_links":{"self":[{"href":"https:\/\/utulek.ostrava.cz\/index.php\/wp-json\/wp\/v2\/pages\/67","targetHints":{"allow":["GET"]}}],"collection":[{"href":"https:\/\/utulek.ostrava.cz\/index.php\/wp-json\/wp\/v2\/pages"}],"about":[{"href":"https:\/\/utulek.ostrava.cz\/index.php\/wp-json\/wp\/v2\/types\/page"}],"author":[{"embeddable":true,"href":"https:\/\/utulek.ostrava.cz\/index.php\/wp-json\/wp\/v2\/users\/2"}],"replies":[{"embeddable":true,"href":"https:\/\/utulek.ostrava.cz\/index.php\/wp-json\/wp\/v2\/comments?post=67"}],"version-history":[{"count":14,"href":"https:\/\/utulek.ostrava.cz\/index.php\/wp-json\/wp\/v2\/pages\/67\/revisions"}],"predecessor-version":[{"id":5561,"href":"https:\/\/utulek.ostrava.cz\/index.php\/wp-json\/wp\/v2\/pages\/67\/revisions\/5561"}],"wp:attachment":[{"href":"https:\/\/utulek.ostrava.cz\/index.php\/wp-json\/wp\/v2\/media?parent=67"}],"curies":[{"name":"wp","href":"https:\/\/api.w.org\/{rel}","templated":true}]}}